{"id":15,"date":"2022-12-27T23:00:48","date_gmt":"2022-12-27T23:00:48","guid":{"rendered":"http:\/\/www.radiorama.com.ar\/wordpress\/?page_id=15"},"modified":"2026-04-14T10:14:38","modified_gmt":"2026-04-14T13:14:38","slug":"crea-tu-web-con-bloques","status":"publish","type":"page","link":"https:\/\/www.radiorama.com.ar\/wordpress\/","title":{"rendered":"www.radiorama.com.ar, productora de contenidos."},"content":{"rendered":"<div class=\"video-container\"{max-width: 100%; height: auto;\t}><script src=\"https:\/\/elfsightcdn.com\/platform.js\" async><\/script>\n<div class=\"elfsight-app-c993ed8b-2682-4393-b279-3529495753b4\"><\/div>\n\n\n<pre class=\"wp-block-preformatted\">#teletransportador... \u00a1la playlist a tu zona de confort!.<\/pre>\n\n\n<div class=\"video-container\"{max-width: 100%; height: auto;\t}><iframe loading=\"lazy\" width=\"560\" height=\"315\" src=\"https:\/\/www.youtube.com\/embed\/videoseries?si=Hk9aQdf4rw7J95tz&amp;list=PLPfc2lfDQT4M1HmZCK_m9AH31cVmR6_r7\" title=\"YouTube video player\" frameborder=\"0\" allow=\"accelerometer; autoplay; clipboard-write; encrypted-media; gyroscope; picture-in-picture; web-share\" allowfullscreen><\/iframe><\/div>\n\n\n<pre class=\"wp-block-preformatted\">#radioramaTV \/ stream destacado.<\/pre>\n\n\n<div class=\"video-container\"{max-width: 100%; height: auto;\t}><iframe loading=\"lazy\" width=\"560\" height=\"315\" src=\"https:\/\/www.youtube.com\/embed\/r3RZn-huT48\" title=\"YouTube video player\" frameborder=\"0\" allow=\"accelerometer; autoplay; clipboard-write; encrypted-media; gyroscope; picture-in-picture; web-share\" allowfullscreen><\/iframe><\/div>\n\n\n<pre class=\"wp-block-preformatted\">#teletransportador\/#radiovendimia:FIESTA NACIONAL DE LA VENDIMIA.<\/pre>\n\n\n<div class=\"video-container\"{max-width: 100%; height: auto;\t}><iframe loading=\"lazy\" width=\"560\" height=\"315\" src=\"https:\/\/www.youtube.com\/embed\/rlKm3nX2XhU\" title=\"YouTube video player\" frameborder=\"0\" allow=\"accelerometer; autoplay; clipboard-write; encrypted-media; gyroscope; picture-in-picture; web-share\" allowfullscreen><\/iframe><\/div>\n\n\n<pre class=\"wp-block-verse\"><sub>Gracias por estar... Si quer\u00e9s enterarte de futuras transmisiones, seguinos en las redes sociales. Si ten\u00e9s una presentaci\u00f3n y quer\u00e9s que la cubramos, contactate con nosotros<\/sub><\/pre>\n\n\n\n<pre class=\"wp-block-preformatted\"><strong>radiorama TV\u2026 servicio de multistreaming<\/strong><\/pre>\n\n\n\n<figure class=\"wp-block-gallery has-nested-images columns-default is-cropped wp-block-gallery-1 is-layout-flex wp-block-gallery-is-layout-flex\">\n<figure class=\"wp-block-image size-full\"><img loading=\"lazy\" decoding=\"async\" width=\"833\" height=\"462\" data-id=\"452\" src=\"https:\/\/www.radiorama.com.ar\/wordpress\/wp-content\/uploads\/2025\/05\/promocion_multistreaming.jpg\" alt=\"\" class=\"wp-image-452\" srcset=\"https:\/\/www.radiorama.com.ar\/wordpress\/wp-content\/uploads\/2025\/05\/promocion_multistreaming.jpg 833w, https:\/\/www.radiorama.com.ar\/wordpress\/wp-content\/uploads\/2025\/05\/promocion_multistreaming-300x166.jpg 300w, https:\/\/www.radiorama.com.ar\/wordpress\/wp-content\/uploads\/2025\/05\/promocion_multistreaming-150x83.jpg 150w, https:\/\/www.radiorama.com.ar\/wordpress\/wp-content\/uploads\/2025\/05\/promocion_multistreaming-768x426.jpg 768w\" sizes=\"auto, (max-width: 833px) 100vw, 833px\" \/><\/figure>\n\n\n\n<pre class=\"wp-block-verse\"><sub><strong>Ponete en contacto con nosotros por whatsapp al <a href=\"https:\/\/api.whatsapp.com\/send?l=es&amp;phone=5492613375587&amp;text=hola%20RADIORAMA...%20quiero%20cotizaci\u00f3n%20para%20realizar%20una%20transmisi\u00f3n%20v\u00eda%20streaming.\" target=\"_blank\" rel=\"noopener\">+54 261 3375587<\/a>... www.radiorama.com.ar, producci\u00f3n de eventos, visuales y agente de prensa \u00a1Siempre de tu lado de los espect\u00e1culos en vivo!<\/sub><\/pre>\n<\/figure>\n","protected":false},"excerpt":{"rendered":"<p>#teletransportador&#8230; \u00a1la playlist a tu zona de confort!. #radioramaTV \/ stream destacado. #teletransportador\/#radiovendimia:FIESTA NACIONAL DE LA VENDIMIA. Gracias por estar&#8230; Si quer\u00e9s enterarte de futuras transmisiones, seguinos en las redes sociales. Si ten\u00e9s una presentaci\u00f3n y quer\u00e9s que la cubramos, contactate con nosotros radiorama TV\u2026 servicio de multistreaming<\/p>\n","protected":false},"author":1,"featured_media":6,"parent":0,"menu_order":0,"comment_status":"closed","ping_status":"closed","template":"","meta":{"_monsterinsights_skip_tracking":false,"_monsterinsights_sitenote_active":false,"_monsterinsights_sitenote_note":"","_monsterinsights_sitenote_category":0,"footnotes":""},"class_list":["post-15","page","type-page","status-publish","has-post-thumbnail","hentry"],"aioseo_notices":[],"_links":{"self":[{"href":"https:\/\/www.radiorama.com.ar\/wordpress\/index.php?rest_route=\/wp\/v2\/pages\/15","targetHints":{"allow":["GET"]}}],"collection":[{"href":"https:\/\/www.radiorama.com.ar\/wordpress\/index.php?rest_route=\/wp\/v2\/pages"}],"about":[{"href":"https:\/\/www.radiorama.com.ar\/wordpress\/index.php?rest_route=\/wp\/v2\/types\/page"}],"author":[{"embeddable":true,"href":"https:\/\/www.radiorama.com.ar\/wordpress\/index.php?rest_route=\/wp\/v2\/users\/1"}],"replies":[{"embeddable":true,"href":"https:\/\/www.radiorama.com.ar\/wordpress\/index.php?rest_route=%2Fwp%2Fv2%2Fcomments&post=15"}],"version-history":[{"count":251,"href":"https:\/\/www.radiorama.com.ar\/wordpress\/index.php?rest_route=\/wp\/v2\/pages\/15\/revisions"}],"predecessor-version":[{"id":534,"href":"https:\/\/www.radiorama.com.ar\/wordpress\/index.php?rest_route=\/wp\/v2\/pages\/15\/revisions\/534"}],"wp:featuredmedia":[{"embeddable":true,"href":"https:\/\/www.radiorama.com.ar\/wordpress\/index.php?rest_route=\/wp\/v2\/media\/6"}],"wp:attachment":[{"href":"https:\/\/www.radiorama.com.ar\/wordpress\/index.php?rest_route=%2Fwp%2Fv2%2Fmedia&parent=15"}],"curies":[{"name":"wp","href":"https:\/\/api.w.org\/{rel}","templated":true}]}}